{"id":971,"date":"2019-08-08T16:45:00","date_gmt":"2019-08-08T21:45:00","guid":{"rendered":"https:\/\/caminodelcorazon.church\/web\/?page_id=971"},"modified":"2019-11-06T19:12:21","modified_gmt":"2019-11-07T00:12:21","slug":"ejercicio-espiritual","status":"publish","type":"page","link":"https:\/\/caminodelcorazon.church\/web\/ejercicio-espiritual\/","title":{"rendered":"Ejercicio Espiritual"},"content":{"rendered":"<p>[et_pb_section fb_built=\u00bb1&#8243; _builder_version=\u00bb4.0.3&#8243; background_image=\u00bbhttps:\/\/caminodelcorazon.church\/web\/wp-content\/uploads\/2019\/08\/intro2.jpg\u00bb background_position=\u00bbtop_left\u00bb custom_padding=\u00bb27px||7px|||\u00bb background_color_phone=\u00bb#ffffff\u00bb background_last_edited=\u00bbon|phone\u00bb background_enable_color_phone=\u00bbon\u00bb background_image_phone=\u00bbhttps:\/\/caminodelcorazon.church\/web\/wp-content\/uploads\/2019\/10\/chica.jpg\u00bb background_enable_image_phone=\u00bbon\u00bb][et_pb_row _builder_version=\u00bb3.29.3&#8243; custom_padding=\u00bb0px||0px|||\u00bb][et_pb_column type=\u00bb4_4&#8243; _builder_version=\u00bb3.29.3&#8243; custom_padding=\u00bb8px|0px|2px|0px|false|false\u00bb][et_pb_text _builder_version=\u00bb3.29.3&#8243; background_color=\u00bb#e09900&#8243; use_background_color_gradient=\u00bbon\u00bb background_color_gradient_start=\u00bb#e09900&#8243; background_color_gradient_end=\u00bb#ffffff\u00bb background_color_gradient_type=\u00bbradial\u00bb background_image=\u00bbhttps:\/\/caminodelcorazon.church\/web\/wp-content\/uploads\/2019\/10\/Barra-titulos.jpeg\u00bb custom_margin=\u00bb0px|0px|0px|0px|false|false\u00bb custom_padding=\u00bb5px|0px|0px|0px|false|false\u00bb]<\/p>\n<h3 style=\"text-align: center;\"><strong>Momento 4. Qu\u00e9 es la Entrada Espiritual<\/strong><\/h3>\n<p>[\/et_pb_text][\/et_pb_column][\/et_pb_row][et_pb_row column_structure=\u00bb1_4,3_4&#8243; _builder_version=\u00bb3.26.3&#8243; custom_padding=\u00bb0px||14px|||\u00bb][et_pb_column type=\u00bb1_4&#8243; _builder_version=\u00bb3.26.3&#8243;][et_pb_text _builder_version=\u00bb4.0.3&#8243; custom_padding=\u00bb0px||||false|false\u00bb]<\/p>\n<p style=\"text-align: left;\">Contin\u00faa con el\u00a0Momento 4. <strong>Entrada Espiritual<\/strong>:\u00a0recibir\u00e1s una orientaci\u00f3n muy necesaria para entender la relaci\u00f3n que existe entre el miedo y el amor.<\/p>\n<p>[\/et_pb_text][\/et_pb_column][et_pb_column type=\u00bb3_4&#8243; _builder_version=\u00bb3.26.3&#8243;][et_pb_video src=\u00bbhttps:\/\/caminodelcorazon.church\/web\/wp-content\/uploads\/2019\/08\/Libro_intro_2_video-2_2.mp4&#8243; image_src=\u00bbhttps:\/\/caminodelcorazon.church\/web\/wp-content\/uploads\/2019\/09\/4.png\u00bb thumbnail_overlay_color=\u00bbrgba(0,0,0,0.6)\u00bb _builder_version=\u00bb4.0.3&#8243; custom_margin=\u00bb3px||||false|false\u00bb custom_padding=\u00bb0px||||false|false\u00bb][\/et_pb_video][\/et_pb_column][\/et_pb_row][et_pb_row column_structure=\u00bb1_4,3_4&#8243; _builder_version=\u00bb3.27.3&#8243; custom_padding=\u00bb0px||2px|||\u00bb][et_pb_column type=\u00bb1_4&#8243; _builder_version=\u00bb3.27.3&#8243;][\/et_pb_column][et_pb_column type=\u00bb3_4&#8243; _builder_version=\u00bb3.27.3&#8243;][et_pb_text _builder_version=\u00bb3.29.3&#8243;]<\/p>\n<p><span style=\"font-size: 14px;\">\u200b\u201cNo faltar\u00e1n momentos en que el miedo haga su aparici\u00f3n y sientas que te paraliza, pero tampoco te faltar\u00e1 la experiencia del amor divino que te har\u00e1 salir de esa encrucijada y confiar m\u00e1s en \u00c9l.\u201d<\/span><\/p>\n<p><span style=\"font-size: 14px;\">\u200b\u200bEn esta <strong>Entrada Espiritual<\/strong>, Momento 4, reflexionar\u00e1s sobre tu mundo emocional, la afectividad que se mueve en tu interior y que es esencial contactar y conocer para entrar en profundidad en este camino.\u200b<\/span><\/p>\n<p>[\/et_pb_text][\/et_pb_column][\/et_pb_row][et_pb_row column_structure=\u00bb1_5,1_5,1_5,1_5,1_5&#8243; _builder_version=\u00bb3.29.3&#8243;][et_pb_column type=\u00bb1_5&#8243; _builder_version=\u00bb3.29.3&#8243;][\/et_pb_column][et_pb_column type=\u00bb1_5&#8243; _builder_version=\u00bb3.29.3&#8243;][et_pb_text _builder_version=\u00bb4.0.3&#8243;]<\/p>\n<p style=\"text-align: left;\"><strong>Descarga el material:<\/strong><\/p>\n<p>[\/et_pb_text][\/et_pb_column][et_pb_column type=\u00bb1_5&#8243; _builder_version=\u00bb3.29.3&#8243;][et_pb_button button_url=\u00bbhttps:\/\/caminodelcorazon.church\/web\/wp-content\/uploads\/2019\/09\/DC_LibroIntro2_EntradaEspiritual.pdf\u00bb url_new_window=\u00bbon\u00bb button_text=\u00bbDescarga texto\u00bb button_alignment=\u00bbcenter\u00bb _builder_version=\u00bb3.29.3&#8243; custom_button=\u00bbon\u00bb button_text_size=\u00bb15px\u00bb button_text_color=\u00bb#000000&#8243; button_bg_color=\u00bbrgba(224,153,0,0.7)\u00bb button_border_width=\u00bb0px\u00bb button_border_color=\u00bbrgba(0,0,0,0)\u00bb button_border_radius=\u00bb10px\u00bb button_icon=\u00bb%%210%%\u00bb button_icon_color=\u00bb#000000&#8243; button_icon_placement=\u00bbleft\u00bb custom_margin=\u00bb||10px|||\u00bb][\/et_pb_button][et_pb_text _builder_version=\u00bb3.29.3&#8243; min_height=\u00bb22px\u00bb]<\/p>\n<p style=\"text-align: center;\">Entrada Espiritual<\/p>\n<p>[\/et_pb_text][\/et_pb_column][et_pb_column type=\u00bb1_5&#8243; _builder_version=\u00bb3.29.3&#8243;][et_pb_button button_url=\u00bbhttps:\/\/caminodelcorazon.church\/web\/wp-content\/uploads\/2019\/09\/LIBRO-INTRO_2-AUDIO-4_ENTRADA-ESPIRITUAL.mp3&#8243; url_new_window=\u00bbon\u00bb button_text=\u00bbDescarga audio\u00bb button_alignment=\u00bbcenter\u00bb _builder_version=\u00bb3.29.3&#8243; custom_button=\u00bbon\u00bb button_text_size=\u00bb15px\u00bb button_text_color=\u00bb#000000&#8243; button_bg_color=\u00bbrgba(224,153,0,0.7)\u00bb button_border_width=\u00bb0px\u00bb button_border_color=\u00bbrgba(0,0,0,0)\u00bb button_border_radius=\u00bb10px\u00bb button_icon=\u00bb%%262%%\u00bb button_icon_color=\u00bb#000000&#8243; button_icon_placement=\u00bbleft\u00bb custom_margin=\u00bb||9px|||\u00bb][\/et_pb_button][et_pb_text _builder_version=\u00bb3.29.3&#8243;]<\/p>\n<p style=\"text-align: center;\">Entrada Espiritual<\/p>\n<p>[\/et_pb_text][\/et_pb_column][et_pb_column type=\u00bb1_5&#8243; _builder_version=\u00bb3.29.3&#8243;][et_pb_button button_url=\u00bbhttp:\/\/caminodelcorazon.church\/files\/public-docs\/repo\/audios\/intro2\/L2A5.mp3&#8243; button_text=\u00bbOraci\u00f3n\u00bb button_alignment=\u00bbcenter\u00bb _builder_version=\u00bb4.0.5&#8243; custom_button=\u00bbon\u00bb button_text_size=\u00bb15px\u00bb button_text_color=\u00bb#000000&#8243; button_bg_color=\u00bbrgba(224,153,0,0.7)\u00bb button_border_width=\u00bb0px\u00bb button_border_color=\u00bbrgba(0,0,0,0)\u00bb button_border_radius=\u00bb10px\u00bb button_icon=\u00bb%%262%%\u00bb button_icon_color=\u00bb#000000&#8243; button_icon_placement=\u00bbleft\u00bb custom_margin=\u00bb||11px|||\u00bb hover_enabled=\u00bb0&#8243; url_new_window=\u00bbon\u00bb][\/et_pb_button][et_pb_text _builder_version=\u00bb3.27.4&#8243;]<\/p>\n<p style=\"text-align: center;\"><span>Oraci\u00f3n de confianza<\/span>s.<\/p>\n<p>[\/et_pb_text][et_pb_button button_url=\u00bbhttp:\/\/caminodelcorazon.church\/files\/public-docs\/repo\/audios\/intro2\/L2A6.mp3&#8243; button_text=\u00bbColoquio\u00bb button_alignment=\u00bbcenter\u00bb _builder_version=\u00bb4.0.5&#8243; custom_button=\u00bbon\u00bb button_text_size=\u00bb15px\u00bb button_text_color=\u00bb#000000&#8243; button_bg_color=\u00bbrgba(224,153,0,0.7)\u00bb button_border_width=\u00bb0px\u00bb button_border_color=\u00bbrgba(0,0,0,0)\u00bb button_border_radius=\u00bb10px\u00bb button_icon=\u00bb%%262%%\u00bb button_icon_color=\u00bb#000000&#8243; button_icon_placement=\u00bbleft\u00bb custom_margin=\u00bb||10px|||\u00bb hover_enabled=\u00bb0&#8243; url_new_window=\u00bbon\u00bb][\/et_pb_button][et_pb_text _builder_version=\u00bb3.27.4&#8243;]<\/p>\n<p style=\"text-align: center;\">Coloquio<\/p>\n<p>[\/et_pb_text][\/et_pb_column][\/et_pb_row][et_pb_row column_structure=\u00bb1_2,1_2&#8243; _builder_version=\u00bb4.0.3&#8243;][et_pb_column type=\u00bb1_2&#8243; _builder_version=\u00bb4.0.3&#8243;][\/et_pb_column][et_pb_column type=\u00bb1_2&#8243; _builder_version=\u00bb4.0.3&#8243;][et_pb_button button_url=\u00bbhttps:\/\/caminodelcorazon.church\/web\/palabras-del-papa\/\u00bb button_text=\u00bb5 Ir a Palabras del Papa\u00bb button_alignment=\u00bbcenter\u00bb _builder_version=\u00bb3.29.3&#8243; custom_button=\u00bbon\u00bb button_text_size=\u00bb15px\u00bb button_text_color=\u00bb#ffffff\u00bb button_bg_color=\u00bb#e02b20&#8243; button_border_width=\u00bb0px\u00bb button_border_color=\u00bbrgba(0,0,0,0)\u00bb button_border_radius=\u00bb10px\u00bb button_font=\u00bb|700|||||||\u00bb button_icon=\u00bb%%198%%\u00bb button_on_hover=\u00bboff\u00bb animation_style=\u00bbfade\u00bb][\/et_pb_button][\/et_pb_column][\/et_pb_row][\/et_pb_section][et_pb_section fb_built=\u00bb1&#8243; _builder_version=\u00bb3.29.3&#8243; background_color=\u00bb#000000&#8243; custom_padding=\u00bb0px||0px|||\u00bb][et_pb_row column_structure=\u00bb1_6,1_6,1_6,1_6,1_6,1_6&#8243; _builder_version=\u00bb3.29.3&#8243; custom_padding=\u00bb0px||0px|||\u00bb][et_pb_column type=\u00bb1_6&#8243; _builder_version=\u00bb3.29.3&#8243;][et_pb_button button_url=\u00bbhttps:\/\/caminodelcorazon.church\/web\/introduccion-al-itinerario\/\u00bb button_text=\u00bbIntroductorio\u00bb button_alignment=\u00bbcenter\u00bb _builder_version=\u00bb3.29.3&#8243; custom_button=\u00bbon\u00bb button_text_size=\u00bb15px\u00bb button_text_color=\u00bb#e09900&#8243; button_bg_color=\u00bbrgba(0,0,0,0)\u00bb button_border_width=\u00bb0px\u00bb button_border_color=\u00bbrgba(0,0,0,0)\u00bb button_border_radius=\u00bb10px\u00bb button_icon=\u00bb%%197%%\u00bb button_icon_placement=\u00bbleft\u00bb button_on_hover=\u00bboff\u00bb animation_style=\u00bbfade\u00bb][\/et_pb_button][\/et_pb_column][et_pb_column type=\u00bb1_6&#8243; _builder_version=\u00bb3.29.3&#8243;][et_pb_button button_url=\u00bbhttps:\/\/caminodelcorazon.church\/web\/disposicion-inicial\/\u00bb button_text=\u00bb1 Disposici\u00f3n Inicial\u00bb button_alignment=\u00bbcenter\u00bb _builder_version=\u00bb3.29.3&#8243; custom_button=\u00bbon\u00bb button_text_size=\u00bb15px\u00bb button_text_color=\u00bb#e09900&#8243; button_bg_color=\u00bbrgba(0,0,0,0)\u00bb button_border_width=\u00bb0px\u00bb button_border_color=\u00bbrgba(0,0,0,0)\u00bb button_border_radius=\u00bb10px\u00bb button_use_icon=\u00bboff\u00bb animation_style=\u00bbfade\u00bb][\/et_pb_button][\/et_pb_column][et_pb_column type=\u00bb1_6&#8243; _builder_version=\u00bb3.29.3&#8243;][et_pb_button button_url=\u00bbhttps:\/\/caminodelcorazon.church\/web\/marco-referencial-2\/\u00bb button_text=\u00bb2 Marco Referencial\u00bb button_alignment=\u00bbcenter\u00bb _builder_version=\u00bb3.29.3&#8243; custom_button=\u00bbon\u00bb button_text_size=\u00bb15px\u00bb button_text_color=\u00bb#e09900&#8243; button_bg_color=\u00bbrgba(0,0,0,0)\u00bb button_border_width=\u00bb0px\u00bb button_border_color=\u00bbrgba(0,0,0,0)\u00bb button_border_radius=\u00bb10px\u00bb button_use_icon=\u00bboff\u00bb animation_style=\u00bbfade\u00bb][\/et_pb_button][\/et_pb_column][et_pb_column type=\u00bb1_6&#8243; _builder_version=\u00bb3.29.3&#8243;][et_pb_button button_url=\u00bbhttps:\/\/caminodelcorazon.church\/web\/dinamica-interna-2\/\u00bb button_text=\u00bb3 Din\u00e1mica Interna\u00bb button_alignment=\u00bbcenter\u00bb _builder_version=\u00bb3.29.3&#8243; custom_button=\u00bbon\u00bb button_text_size=\u00bb15px\u00bb button_text_color=\u00bb#e09900&#8243; button_bg_color=\u00bbrgba(0,0,0,0)\u00bb button_border_width=\u00bb0px\u00bb button_border_color=\u00bbrgba(0,0,0,0)\u00bb button_border_radius=\u00bb10px\u00bb button_use_icon=\u00bboff\u00bb animation_style=\u00bbfade\u00bb][\/et_pb_button][\/et_pb_column][et_pb_column type=\u00bb1_6&#8243; _builder_version=\u00bb3.29.3&#8243;][et_pb_button button_text=\u00bb4 Entrada Espiritual\u00bb button_alignment=\u00bbcenter\u00bb _builder_version=\u00bb3.29.3&#8243; custom_button=\u00bbon\u00bb button_text_size=\u00bb15px\u00bb button_text_color=\u00bb#ffffff\u00bb button_bg_color=\u00bbrgba(0,0,0,0)\u00bb button_border_width=\u00bb0px\u00bb button_border_color=\u00bbrgba(0,0,0,0)\u00bb button_border_radius=\u00bb10px\u00bb button_use_icon=\u00bboff\u00bb animation_style=\u00bbfade\u00bb][\/et_pb_button][\/et_pb_column][et_pb_column type=\u00bb1_6&#8243; _builder_version=\u00bb3.29.3&#8243;][et_pb_button button_url=\u00bbhttps:\/\/caminodelcorazon.church\/web\/palabras-del-papa\/\u00bb button_text=\u00bb5 Palabras del Papa\u00bb button_alignment=\u00bbcenter\u00bb _builder_version=\u00bb3.29.3&#8243; custom_button=\u00bbon\u00bb button_text_size=\u00bb15px\u00bb button_text_color=\u00bb#0c71c3&#8243; button_bg_color=\u00bbrgba(0,0,0,0)\u00bb button_border_width=\u00bb0px\u00bb button_border_color=\u00bbrgba(0,0,0,0)\u00bb button_border_radius=\u00bb10px\u00bb button_icon=\u00bb%%198%%\u00bb button_on_hover=\u00bboff\u00bb animation_style=\u00bbfade\u00bb][\/et_pb_button][\/et_pb_column][\/et_pb_row][\/et_pb_section]<\/p>\n","protected":false},"excerpt":{"rendered":"<p>Momento 4. Qu\u00e9 es la Entrada EspiritualContin\u00faa con el\u00a0Momento 4. Entrada Espiritual:\u00a0recibir\u00e1s una orientaci\u00f3n muy necesaria para entender la relaci\u00f3n que existe entre el miedo y el amor.\u200b\u201cNo faltar\u00e1n momentos en que el miedo haga su aparici\u00f3n y sientas que te paraliza, pero tampoco te faltar\u00e1 la experiencia del amor divino que te har\u00e1 salir [&hellip;]<\/p>\n","protected":false},"author":1,"featured_media":0,"parent":0,"menu_order":0,"comment_status":"closed","ping_status":"closed","template":"","meta":{"_et_pb_use_builder":"on","_et_pb_old_content":"","_et_gb_content_width":"","footnotes":""},"folder":[],"class_list":["post-971","page","type-page","status-publish","hentry"],"_links":{"self":[{"href":"https:\/\/caminodelcorazon.church\/web\/wp-json\/wp\/v2\/pages\/971","targetHints":{"allow":["GET"]}}],"collection":[{"href":"https:\/\/caminodelcorazon.church\/web\/wp-json\/wp\/v2\/pages"}],"about":[{"href":"https:\/\/caminodelcorazon.church\/web\/wp-json\/wp\/v2\/types\/page"}],"author":[{"embeddable":true,"href":"https:\/\/caminodelcorazon.church\/web\/wp-json\/wp\/v2\/users\/1"}],"replies":[{"embeddable":true,"href":"https:\/\/caminodelcorazon.church\/web\/wp-json\/wp\/v2\/comments?post=971"}],"version-history":[{"count":43,"href":"https:\/\/caminodelcorazon.church\/web\/wp-json\/wp\/v2\/pages\/971\/revisions"}],"predecessor-version":[{"id":3833,"href":"https:\/\/caminodelcorazon.church\/web\/wp-json\/wp\/v2\/pages\/971\/revisions\/3833"}],"wp:attachment":[{"href":"https:\/\/caminodelcorazon.church\/web\/wp-json\/wp\/v2\/media?parent=971"}],"wp:term":[{"taxonomy":"folder","embeddable":true,"href":"https:\/\/caminodelcorazon.church\/web\/wp-json\/wp\/v2\/folder?post=971"}],"curies":[{"name":"wp","href":"https:\/\/api.w.org\/{rel}","templated":true}]}}