{"id":6452,"date":"2020-05-06T13:13:28","date_gmt":"2020-05-06T18:13:28","guid":{"rendered":"https:\/\/caminodelcorazon.church\/web\/p9-oracion-copy\/"},"modified":"2020-05-06T14:11:59","modified_gmt":"2020-05-06T19:11:59","slug":"p9-cierre","status":"publish","type":"page","link":"https:\/\/caminodelcorazon.church\/web\/p9-cierre\/","title":{"rendered":"P9 Cierre"},"content":{"rendered":"<p>[et_pb_section fb_built=\u00bb1&#8243; fullwidth=\u00bbon\u00bb admin_label=\u00bbBarraColores\u00bb module_id=\u00bbBarraColor\u00bb module_class=\u00bbbarra\u00bb _builder_version=\u00bb4.0.5&#8243; background_image=\u00bbhttps:\/\/caminodelcorazon.church\/web\/wp-content\/uploads\/2019\/12\/LineaColores.png\u00bb background_position=\u00bbtop_center\u00bb min_height=\u00bb10px\u00bb height=\u00bb10px\u00bb max_height=\u00bb10px\u00bb][\/et_pb_section][et_pb_section fb_built=\u00bb1&#8243; custom_padding_last_edited=\u00bbon|phone\u00bb module_class=\u00bbp9_fondo cover_fondo\u00bb _builder_version=\u00bb4.0.5&#8243; background_image=\u00bbhttp:\/\/caminodelcorazon.church\/web\/CDC_Files\/Anexos_Generales\/9.jpg\u00bb background_size=\u00bbcontain\u00bb background_position=\u00bbbottom_center\u00bb width=\u00bb100%\u00bb custom_margin=\u00bb|||-5px|false|false\u00bb custom_padding=\u00bb10px|16px|7px||false|false\u00bb custom_padding_tablet=\u00bb\u00bb custom_padding_phone=\u00bb10px|0px|7px|1px|false|false\u00bb background_color_phone=\u00bb#ffffff\u00bb background_last_edited=\u00bbon|desktop\u00bb background_enable_color_phone=\u00bbon\u00bb background_enable_image_phone=\u00bboff\u00bb background_position_tablet=\u00bbbottom_center\u00bb background_position_phone=\u00bbbottom_center\u00bb border_color_all=\u00bbrgba(0,0,0,0)\u00bb border_width_bottom=\u00bb8px\u00bb border_color_bottom=\u00bb#d89272&#8243; background__hover_enabled=\u00bboff|desktop\u00bb background_position__hover=\u00bbbottom_center\u00bb][et_pb_row column_structure=\u00bb1_4,1_2,1_4&#8243; _builder_version=\u00bb4.0.5&#8243; background_enable_image=\u00bboff\u00bb background_size=\u00bbinitial\u00bb background_position=\u00bbtop_center\u00bb width=\u00bb100%\u00bb module_alignment=\u00bbcenter\u00bb custom_margin=\u00bb0px||||false|false\u00bb custom_padding=\u00bb0px||0px||false|false\u00bb][et_pb_column type=\u00bb1_4&#8243; _builder_version=\u00bb4.0.5&#8243;][\/et_pb_column][et_pb_column type=\u00bb1_2&#8243; _builder_version=\u00bb4.0.5&#8243;][et_pb_text content_tablet=\u00bb<\/p>\n<h4 style=%22text-align: center;%22>Punto de Llegada y&#8230;<\/h4>\n<p>\u00bb content_phone=\u00bb<\/p>\n<h5 style=%22text-align: center;%22>Punto de Llegada y&#8230;<\/h5>\n<p>\u00bb content_last_edited=\u00bbon|phone\u00bb admin_label=\u00bbTitulo_p2&#8243; module_class=\u00bbgen_titulo_paso p9_titulo_paso\u00bb _builder_version=\u00bb4.0.5&#8243; text_text_color=\u00bb#ffffff\u00bb background_color=\u00bb#d89272&#8243; background_enable_image=\u00bboff\u00bb text_orientation=\u00bbcenter\u00bb custom_margin=\u00bb||||false|false\u00bb custom_margin_tablet=\u00bb\u00bb custom_margin_phone=\u00bb|10px||15px|false|false\u00bb custom_margin_last_edited=\u00bbon|phone\u00bb custom_padding=\u00bb10px|0px|0px|0px|false|false\u00bb border_radii=\u00bbon|10px|10px|10px|10px\u00bb content__hover_enabled=\u00bboff|desktop\u00bb]<\/p>\n<h3 style=\"text-align: center;\">Punto de Llegada y&#8230;<\/h3>\n<p>[\/et_pb_text][\/et_pb_column][et_pb_column type=\u00bb1_4&#8243; _builder_version=\u00bb4.0.5&#8243;][\/et_pb_column][\/et_pb_row][et_pb_row _builder_version=\u00bb3.26.3&#8243; custom_padding=\u00bb0px||14px|||\u00bb locked=\u00bboff\u00bb][et_pb_column type=\u00bb4_4&#8243; _builder_version=\u00bb3.26.3&#8243;][et_pb_text module_class=\u00bbgen_texto\u00bb _builder_version=\u00bb4.0.5&#8243; text_font_size=\u00bb15px\u00bb custom_margin=\u00bb20px||||false|false\u00bb custom_padding=\u00bb0px||0px||false|false\u00bb]<\/p>\n<p>Querido caminante, estamos en el punto de llegada de este itinerario. Puedes preguntarte \u00bfA d\u00f3nde te ha conducido este camino? \u00bfCu\u00e1l es tu punto de llegada? \u00bfC\u00f3mo te sit\u00faas en este momento?<\/p>\n<p>Es que este punto en el que te encuentras no es simplemente un final, es tambi\u00e9n un nuevo punto de partida, una nueva invitaci\u00f3n a continuar caminando, pero de otra manera, con un coraz\u00f3n m\u00e1s cercano al Coraz\u00f3n de Cristo y m\u00e1s disponible a su misi\u00f3n de compasi\u00f3n por el mundo.<\/p>\n<p>Es tiempo de dejar que la transformaci\u00f3n cale en el coraz\u00f3n, que las resonancias del camino hagan eco en tu interior. Tu vida cotidiana seguir\u00e1 siendo el altar donde ofrezcas tu vida como ofrenda al Se\u00f1or para que uni\u00e9ndote a \u00c9l trabajes en hacer de este mundo un lugar m\u00e1s fraterno y m\u00e1s humano.<\/p>\n<p>Podr\u00e1s volver una y otra vez a tus anotaciones, a los recuerdos que este camino ha dejado en tu memoria. En tu coraz\u00f3n podr\u00e1s encontrar las experiencias que has hecho, la voz del Se\u00f1or en cada paso de este camino.<\/p>\n<p>Sin embargo, recuerda que este camino nunca est\u00e1 acabado. Podr\u00e1s recorrerlo cada vez que sientas que necesites volver a \u00e9l. Siempre ser\u00e1 un camino nuevo, porque t\u00fa entrar\u00e1s en \u00e9l de una manera diferente cada vez, y porque el Se\u00f1or siempre hace nuevas todas las cosas. No habr\u00e1 nunca un camino igual a otro, a\u00fan cuando vuelvas a recorrer cada paso, una y otra vez tendr\u00e1s la experiencia de la novedad que trae el Se\u00f1or. Pues el encuentro con Jesucristo es garant\u00eda de novedad, de renovaci\u00f3n interior, de Vida Nueva, de transformaci\u00f3n.<\/p>\n<p>El Camino del Coraz\u00f3n ser\u00e1 una y otra vez la senda que te ayude a entrar en una misi\u00f3n de compasi\u00f3n por el mundo, en la Red Mundial de Oracion del Papa.<\/p>\n<p>[\/et_pb_text][\/et_pb_column][\/et_pb_row][et_pb_row _builder_version=\u00bb4.0.5&#8243; width=\u00bb85%\u00bb custom_padding=\u00bb||||false|false\u00bb locked=\u00bboff\u00bb][et_pb_column type=\u00bb4_4&#8243; _builder_version=\u00bb3.27.3&#8243;][et_pb_image src=\u00bbhttps:\/\/caminodelcorazon.church\/web\/wp-content\/uploads\/2020\/05\/foto-final.jpg\u00bb _builder_version=\u00bb4.0.5&#8243;][\/et_pb_image][\/et_pb_column][\/et_pb_row][et_pb_row _builder_version=\u00bb4.0.5&#8243; background_enable_image=\u00bboff\u00bb background_size=\u00bbinitial\u00bb background_position=\u00bbtop_center\u00bb width=\u00bb100%\u00bb module_alignment=\u00bbcenter\u00bb custom_margin=\u00bb110px||||false|false\u00bb custom_margin_tablet=\u00bb\u00bb custom_margin_phone=\u00bb|||5px|false|false\u00bb custom_margin_last_edited=\u00bbon|phone\u00bb custom_padding=\u00bb40px||0px||false|false\u00bb][et_pb_column type=\u00bb4_4&#8243; _builder_version=\u00bb4.0.5&#8243;][et_pb_button button_text=\u00bbPaso: \u00bb button_alignment=\u00bbcenter\u00bb module_class=\u00bbgen_next p9_next boton_oculto\u00bb _builder_version=\u00bb4.0.5&#8243; custom_button=\u00bbon\u00bb button_text_size=\u00bb20px\u00bb button_bg_color=\u00bb#d89272&#8243; button_border_width=\u00bb0px\u00bb button_border_radius=\u00bb12px\u00bb button_font=\u00bb|700|||||||\u00bb button_icon=\u00bb%%24%%\u00bb button_on_hover=\u00bboff\u00bb custom_margin=\u00bb0px||-14px||false|false\u00bb custom_padding=\u00bb5px||||false|false\u00bb custom_css_main_element=\u00bbdisplay; none;\u00bb][\/et_pb_button][\/et_pb_column][\/et_pb_row][\/et_pb_section][et_pb_section fb_built=\u00bb1&#8243; fullwidth=\u00bbon\u00bb _builder_version=\u00bb4.0.5&#8243; background_color=\u00bb#000000&#8243;][et_pb_fullwidth_menu menu_id=\u00bb61&#8243; menu_style=\u00bbcentered\u00bb submenu_direction=\u00bbupwards\u00bb fullwidth_menu=\u00bbon\u00bb menu_icon_color=\u00bb#5C98CE\u00bb module_class=\u00bbp8_menu menu\u00bb _builder_version=\u00bb4.0.5&#8243; menu_font=\u00bb||||||||\u00bb background_color=\u00bb#000000&#8243; background_layout=\u00bbdark\u00bb border_color_all=\u00bb#58aadc\u00bb][\/et_pb_fullwidth_menu][\/et_pb_section]<\/p>\n","protected":false},"excerpt":{"rendered":"<p>Punto de Llegada y&#8230;Querido caminante, estamos en el punto de llegada de este itinerario. Puedes preguntarte \u00bfA d\u00f3nde te ha conducido este camino? \u00bfCu\u00e1l es tu punto de llegada? \u00bfC\u00f3mo te sit\u00faas en este momento? Es que este punto en el que te encuentras no es simplemente un final, es tambi\u00e9n un nuevo punto de [&hellip;]<\/p>\n","protected":false},"author":4,"featured_media":0,"parent":0,"menu_order":0,"comment_status":"closed","ping_status":"closed","template":"","meta":{"_et_pb_use_builder":"on","_et_pb_old_content":"","_et_gb_content_width":"","footnotes":""},"folder":[53],"class_list":["post-6452","page","type-page","status-publish","hentry"],"_links":{"self":[{"href":"https:\/\/caminodelcorazon.church\/web\/wp-json\/wp\/v2\/pages\/6452","targetHints":{"allow":["GET"]}}],"collection":[{"href":"https:\/\/caminodelcorazon.church\/web\/wp-json\/wp\/v2\/pages"}],"about":[{"href":"https:\/\/caminodelcorazon.church\/web\/wp-json\/wp\/v2\/types\/page"}],"author":[{"embeddable":true,"href":"https:\/\/caminodelcorazon.church\/web\/wp-json\/wp\/v2\/users\/4"}],"replies":[{"embeddable":true,"href":"https:\/\/caminodelcorazon.church\/web\/wp-json\/wp\/v2\/comments?post=6452"}],"version-history":[{"count":4,"href":"https:\/\/caminodelcorazon.church\/web\/wp-json\/wp\/v2\/pages\/6452\/revisions"}],"predecessor-version":[{"id":6463,"href":"https:\/\/caminodelcorazon.church\/web\/wp-json\/wp\/v2\/pages\/6452\/revisions\/6463"}],"wp:attachment":[{"href":"https:\/\/caminodelcorazon.church\/web\/wp-json\/wp\/v2\/media?parent=6452"}],"wp:term":[{"taxonomy":"folder","embeddable":true,"href":"https:\/\/caminodelcorazon.church\/web\/wp-json\/wp\/v2\/folder?post=6452"}],"curies":[{"name":"wp","href":"https:\/\/api.w.org\/{rel}","templated":true}]}}

<p>[et_pb_section fb_built=»1&#8243; fullwidth=»on» admin_label=»BarraColores» module_id=»BarraColor» module_class=»barra» _builder_version=»4.0.5&#8243; background_image=»https://caminodelcorazon.church/web/wp-content/uploads/2019/12/LineaColores.png» background_position=»top_center» min_height=»10px» height=»10px» max_height=»10px»][/et_pb_section][et_pb_section fb_built=»1&#8243; custom_padding_last_edited=»on|phone» module_class=»p9_fondo cover_fondo» _builder_version=»4.0.5&#8243; background_image=»http://caminodelcorazon.church/web/CDC_Files/Anexos_Generales/9.jpg» background_size=»contain» background_position=»bottom_center» width=»100%» custom_margin=»|||-5px|false|false» custom_padding=»10px|16px|7px||false|false» custom_padding_tablet=»» custom_padding_phone=»10px|0px|7px|1px|false|false» background_color_phone=»#ffffff» background_last_edited=»on|desktop» background_enable_color_phone=»on» background_enable_image_phone=»off» background_position_tablet=»bottom_center» background_position_phone=»bottom_center» border_color_all=»rgba(0,0,0,0)» border_width_bottom=»8px» border_color_bottom=»#d89272&#8243; background__hover_enabled=»off|desktop» background_position__hover=»bottom_center»][et_pb_row column_structure=»1_4,1_2,1_4&#8243; _builder_version=»4.0.5&#8243; background_enable_image=»off» background_size=»initial» background_position=»top_center» width=»100%» module_alignment=»center» custom_margin=»0px||||false|false» custom_padding=»0px||0px||false|false»][et_pb_column type=»1_4&#8243; _builder_version=»4.0.5&#8243;][/et_pb_column][et_pb_column type=»1_2&#8243; _builder_version=»4.0.5&#8243;][et_pb_text content_tablet=»</p>
<h4 style=%22text-align: center;%22>Punto de Llegada y&#8230;</h4>
<p>» content_phone=»</p>
<h5 style=%22text-align: center;%22>Punto de Llegada y&#8230;</h5>
<p>» content_last_edited=»on|phone» admin_label=»Titulo_p2&#8243; module_class=»gen_titulo_paso p9_titulo_paso» _builder_version=»4.0.5&#8243; text_text_color=»#ffffff» background_color=»#d89272&#8243; background_enable_image=»off» text_orientation=»center» custom_margin=»||||false|false» custom_margin_tablet=»» custom_margin_phone=»|10px||15px|false|false» custom_margin_last_edited=»on|phone» custom_padding=»10px|0px|0px|0px|false|false» border_radii=»on|10px|10px|10px|10px» content__hover_enabled=»off|desktop»]</p>
<h3 style="text-align: center;">Punto de Llegada y&#8230;</h3>
<p>[/et_pb_text][/et_pb_column][et_pb_column type=»1_4&#8243; _builder_version=»4.0.5&#8243;][/et_pb_column][/et_pb_row][et_pb_row _builder_version=»3.26.3&#8243; custom_padding=»0px||14px|||» locked=»off»][et_pb_column type=»4_4&#8243; _builder_version=»3.26.3&#8243;][et_pb_text module_class=»gen_texto» _builder_version=»4.0.5&#8243; text_font_size=»15px» custom_margin=»20px||||false|false» custom_padding=»0px||0px||false|false»]</p>
<p>Querido caminante, estamos en el punto de llegada de este itinerario. Puedes preguntarte ¿A dónde te ha conducido este camino? ¿Cuál es tu punto de llegada? ¿Cómo te sitúas en este momento?</p>
<p>Es que este punto en el que te encuentras no es simplemente un final, es también un nuevo punto de partida, una nueva invitación a continuar caminando, pero de otra manera, con un corazón más cercano al Corazón de Cristo y más disponible a su misión de compasión por el mundo.</p>
<p>Es tiempo de dejar que la transformación cale en el corazón, que las resonancias del camino hagan eco en tu interior. Tu vida cotidiana seguirá siendo el altar donde ofrezcas tu vida como ofrenda al Señor para que uniéndote a Él trabajes en hacer de este mundo un lugar más fraterno y más humano.</p>
<p>Podrás volver una y otra vez a tus anotaciones, a los recuerdos que este camino ha dejado en tu memoria. En tu corazón podrás encontrar las experiencias que has hecho, la voz del Señor en cada paso de este camino.</p>
<p>Sin embargo, recuerda que este camino nunca está acabado. Podrás recorrerlo cada vez que sientas que necesites volver a él. Siempre será un camino nuevo, porque tú entrarás en él de una manera diferente cada vez, y porque el Señor siempre hace nuevas todas las cosas. No habrá nunca un camino igual a otro, aún cuando vuelvas a recorrer cada paso, una y otra vez tendrás la experiencia de la novedad que trae el Señor. Pues el encuentro con Jesucristo es garantía de novedad, de renovación interior, de Vida Nueva, de transformación.</p>
<p>El Camino del Corazón será una y otra vez la senda que te ayude a entrar en una misión de compasión por el mundo, en la Red Mundial de Oracion del Papa.</p>
<p>[/et_pb_text][/et_pb_column][/et_pb_row][et_pb_row _builder_version=»4.0.5&#8243; width=»85%» custom_padding=»||||false|false» locked=»off»][et_pb_column type=»4_4&#8243; _builder_version=»3.27.3&#8243;][et_pb_image src=»https://caminodelcorazon.church/web/wp-content/uploads/2020/05/foto-final.jpg» _builder_version=»4.0.5&#8243;][/et_pb_image][/et_pb_column][/et_pb_row][et_pb_row _builder_version=»4.0.5&#8243; background_enable_image=»off» background_size=»initial» background_position=»top_center» width=»100%» module_alignment=»center» custom_margin=»110px||||false|false» custom_margin_tablet=»» custom_margin_phone=»|||5px|false|false» custom_margin_last_edited=»on|phone» custom_padding=»40px||0px||false|false»][et_pb_column type=»4_4&#8243; _builder_version=»4.0.5&#8243;][et_pb_button button_text=»Paso: » button_alignment=»center» module_class=»gen_next p9_next boton_oculto» _builder_version=»4.0.5&#8243; custom_button=»on» button_text_size=»20px» button_bg_color=»#d89272&#8243; button_border_width=»0px» button_border_radius=»12px» button_font=»|700|||||||» button_icon=»%%24%%» button_on_hover=»off» custom_margin=»0px||-14px||false|false» custom_padding=»5px||||false|false» custom_css_main_element=»display; none;»][/et_pb_button][/et_pb_column][/et_pb_row][/et_pb_section][et_pb_section fb_built=»1&#8243; fullwidth=»on» _builder_version=»4.0.5&#8243; background_color=»#000000&#8243;][et_pb_fullwidth_menu menu_id=»61&#8243; menu_style=»centered» submenu_direction=»upwards» fullwidth_menu=»on» menu_icon_color=»#5C98CE» module_class=»p8_menu menu» _builder_version=»4.0.5&#8243; menu_font=»||||||||» background_color=»#000000&#8243; background_layout=»dark» border_color_all=»#58aadc»][/et_pb_fullwidth_menu][/et_pb_section]</p>

<p>Punto de Llegada y&#8230;Querido caminante, estamos en el punto de llegada de este itinerario. Puedes preguntarte ¿A dónde te ha conducido este camino? ¿Cuál es tu punto de llegada? ¿Cómo te sitúas en este momento? Es que este punto en el que te encuentras no es simplemente un final, es también un nuevo punto de [&hellip;]</p>
