{"id":5393,"date":"2020-04-28T16:52:22","date_gmt":"2020-04-28T21:52:22","guid":{"rendered":"https:\/\/caminodelcorazon.church\/web\/p0-m3-%e2%80%8bque-es-orar-la-vida-real-copy\/"},"modified":"2024-08-15T16:06:19","modified_gmt":"2024-08-15T19:06:19","slug":"p0-m0-momentos-del-itinerario","status":"publish","type":"page","link":"https:\/\/caminodelcorazon.church\/web\/p0-m0-momentos-del-itinerario\/","title":{"rendered":"P0 M0 \u200bMomentos del Itinerario"},"content":{"rendered":"<p>[et_pb_section fb_built=\u00bb1&#8243; fullwidth=\u00bbon\u00bb admin_label=\u00bbBarraColores\u00bb module_id=\u00bbBarraColor\u00bb module_class=\u00bbbarra\u00bb _builder_version=\u00bb4.16&#8243; background_image=\u00bbhttps:\/\/caminodelcorazon.church\/web\/wp-content\/uploads\/2019\/12\/LineaColores.png\u00bb background_position=\u00bbtop_center\u00bb min_height=\u00bb10px\u00bb height=\u00bb10px\u00bb max_height=\u00bb10px\u00bb global_colors_info=\u00bb{}\u00bb][\/et_pb_section][et_pb_section fb_built=\u00bb1&#8243; custom_padding_last_edited=\u00bbon|phone\u00bb module_class=\u00bbp1_fondo\u00bb _builder_version=\u00bb4.16&#8243; background_enable_image=\u00bboff\u00bb background_position=\u00bbbottom_right\u00bb width=\u00bb100%\u00bb custom_margin=\u00bb|||-5px|false|false\u00bb custom_padding=\u00bb10px|16px|7px||false|false\u00bb custom_padding_tablet=\u00bb\u00bb custom_padding_phone=\u00bb10px|0px|7px|1px|false|false\u00bb background_color_phone=\u00bb#ffffff\u00bb background_last_edited=\u00bbon|tablet\u00bb background_enable_color_phone=\u00bbon\u00bb background_enable_image_phone=\u00bboff\u00bb background_position_tablet=\u00bbbottom_center\u00bb background_position_phone=\u00bbbottom_center\u00bb border_color_all=\u00bbrgba(0,0,0,0)\u00bb border_width_bottom=\u00bb8px\u00bb border_color_bottom=\u00bb#edc500&#8243; global_colors_info=\u00bb{}\u00bb background__hover_enabled=\u00bboff|desktop\u00bb background_position__hover=\u00bbbottom_center\u00bb][et_pb_row column_structure=\u00bb1_4,1_2,1_4&#8243; _builder_version=\u00bb4.16&#8243; background_enable_image=\u00bboff\u00bb background_size=\u00bbinitial\u00bb background_position=\u00bbtop_center\u00bb width=\u00bb100%\u00bb module_alignment=\u00bbcenter\u00bb custom_margin=\u00bb0px||||false|false\u00bb custom_padding=\u00bb0px||0px||false|false\u00bb global_colors_info=\u00bb{}\u00bb][et_pb_column type=\u00bb1_4&#8243; _builder_version=\u00bb4.16&#8243; global_colors_info=\u00bb{}\u00bb][\/et_pb_column][et_pb_column type=\u00bb1_2&#8243; _builder_version=\u00bb4.16&#8243; global_colors_info=\u00bb{}\u00bb][et_pb_text content_tablet=\u00bb<\/p>\n<h4 style=%22text-align: center;%22><strong>El Itinerario de Formaci\u00f3n de la Red Mundial de Oraci\u00f3n del Papa<\/strong><\/h4>\n<p>\u00bb content_phone=\u00bb<\/p>\n<h5 style=%22text-align: center;%22><strong>El Itinerario de Formaci\u00f3n de la Red Mundial de Oraci\u00f3n del Papa<\/strong><\/h5>\n<p>\u00bb content_last_edited=\u00bbon|phone\u00bb admin_label=\u00bbTitulo_p2&#8243; module_class=\u00bbgen_titulo_paso p1_titulo_paso\u00bb _builder_version=\u00bb4.16&#8243; background_color=\u00bb#edc500&#8243; background_enable_image=\u00bboff\u00bb text_orientation=\u00bbcenter\u00bb custom_margin=\u00bb||||false|false\u00bb custom_margin_tablet=\u00bb\u00bb custom_margin_phone=\u00bb|10px||15px|false|false\u00bb custom_margin_last_edited=\u00bbon|phone\u00bb custom_padding=\u00bb10px|0px|0px|0px|false|false\u00bb border_radii=\u00bbon|10px|10px|10px|10px\u00bb global_colors_info=\u00bb{}\u00bb content__hover_enabled=\u00bboff|desktop\u00bb]<\/p>\n<h3 style=\"text-align: center;\"><strong>El Itinerario de Formaci\u00f3n de la Red Mundial de Oraci\u00f3n del Papa<\/strong><\/h3>\n<p>[\/et_pb_text][\/et_pb_column][et_pb_column type=\u00bb1_4&#8243; _builder_version=\u00bb4.16&#8243; global_colors_info=\u00bb{}\u00bb][\/et_pb_column][\/et_pb_row][et_pb_row _builder_version=\u00bb4.16&#8243; custom_padding=\u00bb0px||14px|||\u00bb global_colors_info=\u00bb{}\u00bb][et_pb_column type=\u00bb4_4&#8243; _builder_version=\u00bb4.16&#8243; global_colors_info=\u00bb{}\u00bb][et_pb_text module_class=\u00bbgen_texto\u00bb _builder_version=\u00bb4.16&#8243; text_font_size=\u00bb15px\u00bb custom_margin=\u00bb20px||||false|false\u00bb custom_padding=\u00bb0px||0px||false|false\u00bb global_colors_info=\u00bb{}\u00bb]<\/p>\n<p><strong><span>\u200b<\/span><span>\u200b<\/span><\/strong><\/p>\n<p><strong>\u00a1Hola, Caminante!<\/strong><\/p>\n<p>\u00bfEst\u00e1s listo para iniciar la introducci\u00f3n al itinerario del <strong>El Camino del Coraz\u00f3n<\/strong>?<\/p>\n<p><span>Cada paso de\u00a0<\/span><b>El Camino del Coraz\u00f3n\u00a0<\/b><span>consta de 9 momentos<\/span>.<\/p>\n<p>[\/et_pb_text][\/et_pb_column][\/et_pb_row][et_pb_row _builder_version=\u00bb4.16&#8243; width=\u00bb85%\u00bb custom_padding=\u00bb||||false|false\u00bb global_colors_info=\u00bb{}\u00bb][et_pb_column type=\u00bb4_4&#8243; _builder_version=\u00bb4.16&#8243; global_colors_info=\u00bb{}\u00bb][et_pb_image src=\u00bbhttps:\/\/caminodelcorazon.church\/web\/wp-content\/uploads\/2020\/06\/ECC-Momentos_01.jpg\u00bb src_tablet=\u00bb\u00bb src_phone=\u00bbhttps:\/\/caminodelcorazon.church\/web\/wp-content\/uploads\/2019\/10\/Nuevemomentos-01.png\u00bb src_last_edited=\u00bbon|desktop\u00bb _builder_version=\u00bb4.16&#8243; global_colors_info=\u00bb{}\u00bb][\/et_pb_image][\/et_pb_column][\/et_pb_row][et_pb_row _builder_version=\u00bb4.16&#8243; custom_padding=\u00bb0px||14px|||\u00bb global_colors_info=\u00bb{}\u00bb][et_pb_column type=\u00bb4_4&#8243; _builder_version=\u00bb4.16&#8243; global_colors_info=\u00bb{}\u00bb][et_pb_text module_class=\u00bbgen_texto\u00bb _builder_version=\u00bb4.16&#8243; text_font_size=\u00bb15px\u00bb custom_margin=\u00bb20px||||false|false\u00bb custom_padding=\u00bb0px||0px||false|false\u00bb global_colors_info=\u00bb{}\u00bb]<\/p>\n<p><span style=\"font-size: 15px;\">En cada uno encontrar\u00e1s las reflexiones que te guiar\u00e1n en este itinerario para la formaci\u00f3n del coraz\u00f3n del disc\u00edpulo.\u00a0<\/span><span style=\"font-size: 15px;\">Empieza el recorrido con el Momento 1. Disposici\u00f3n Inicial.<\/span><\/p>\n<p><span style=\"font-size: 15px;\"><span>Para iniciar el recorrido haz clic en el bot\u00f3n con la pregunta \u00bfQu\u00e9 es la disposic\u00f3n Inicial? o utiliza la franja inferior para navegar en cada momento.<\/span><\/span><\/p>\n<p>[\/et_pb_text][\/et_pb_column][\/et_pb_row][et_pb_row _builder_version=\u00bb4.16&#8243; background_enable_image=\u00bboff\u00bb background_size=\u00bbinitial\u00bb background_position=\u00bbtop_center\u00bb width=\u00bb100%\u00bb module_alignment=\u00bbcenter\u00bb custom_margin=\u00bb30px||||false|false\u00bb custom_margin_tablet=\u00bb\u00bb custom_margin_phone=\u00bb|||5px|false|false\u00bb custom_margin_last_edited=\u00bbon|phone\u00bb custom_padding=\u00bb40px||0px||false|false\u00bb global_colors_info=\u00bb{}\u00bb][et_pb_column type=\u00bb4_4&#8243; _builder_version=\u00bb4.16&#8243; global_colors_info=\u00bb{}\u00bb][et_pb_button button_url=\u00bbhttps:\/\/caminodelcorazon.church\/web\/p0-m1-disposicion-inicial\/\u00bb button_text=\u00bb\u00bfQu\u00e9 es la Disposici\u00f3n Inicial?\u00bb button_alignment=\u00bbcenter\u00bb module_class=\u00bbgen_next p1_next\u00bb _builder_version=\u00bb4.27.0&#8243; custom_button=\u00bbon\u00bb button_text_size=\u00bb20px\u00bb button_text_color=\u00bb#333333&#8243; button_bg_color=\u00bb#edc500&#8243; button_border_width=\u00bb0px\u00bb button_border_radius=\u00bb12px\u00bb button_font=\u00bb|700|||||||\u00bb button_icon=\u00bb&#x39;||divi||400&#8243; button_on_hover=\u00bboff\u00bb custom_margin=\u00bb0px||-14px||false|false\u00bb custom_padding=\u00bb5px||||false|false\u00bb hover_enabled=\u00bb0&#8243; global_colors_info=\u00bb{}\u00bb sticky_enabled=\u00bb0&#8243;][\/et_pb_button][\/et_pb_column][\/et_pb_row][\/et_pb_section][et_pb_section fb_built=\u00bb1&#8243; fullwidth=\u00bbon\u00bb _builder_version=\u00bb4.16&#8243; background_color=\u00bb#000000&#8243; global_colors_info=\u00bb{}\u00bb][et_pb_fullwidth_menu menu_id=\u00bb56&#8243; menu_style=\u00bbcentered\u00bb submenu_direction=\u00bbupwards\u00bb fullwidth_menu=\u00bbon\u00bb menu_icon_color=\u00bb#F5DA42&#8243; module_class=\u00bbp1_menu menu\u00bb _builder_version=\u00bb4.16&#8243; menu_font=\u00bb||||||||\u00bb background_color=\u00bb#000000&#8243; background_layout=\u00bbdark\u00bb border_color_all=\u00bb#58aadc\u00bb global_colors_info=\u00bb{}\u00bb][\/et_pb_fullwidth_menu][\/et_pb_section]<\/p>\n","protected":false},"excerpt":{"rendered":"<p>El Itinerario de Formaci\u00f3n de la Red Mundial de Oraci\u00f3n del Papa\u200b\u200b \u00a1Hola, Caminante! \u00bfEst\u00e1s listo para iniciar la introducci\u00f3n al itinerario del El Camino del Coraz\u00f3n? Cada paso de\u00a0El Camino del Coraz\u00f3n\u00a0consta de 9 momentos.En cada uno encontrar\u00e1s las reflexiones que te guiar\u00e1n en este itinerario para la formaci\u00f3n del coraz\u00f3n del disc\u00edpulo.\u00a0Empieza el [&hellip;]<\/p>\n","protected":false},"author":1,"featured_media":0,"parent":0,"menu_order":0,"comment_status":"closed","ping_status":"closed","template":"","meta":{"_et_pb_use_builder":"on","_et_pb_old_content":"","_et_gb_content_width":"","footnotes":""},"folder":[55],"class_list":["post-5393","page","type-page","status-publish","hentry"],"_links":{"self":[{"href":"https:\/\/caminodelcorazon.church\/web\/wp-json\/wp\/v2\/pages\/5393","targetHints":{"allow":["GET"]}}],"collection":[{"href":"https:\/\/caminodelcorazon.church\/web\/wp-json\/wp\/v2\/pages"}],"about":[{"href":"https:\/\/caminodelcorazon.church\/web\/wp-json\/wp\/v2\/types\/page"}],"author":[{"embeddable":true,"href":"https:\/\/caminodelcorazon.church\/web\/wp-json\/wp\/v2\/users\/1"}],"replies":[{"embeddable":true,"href":"https:\/\/caminodelcorazon.church\/web\/wp-json\/wp\/v2\/comments?post=5393"}],"version-history":[{"count":11,"href":"https:\/\/caminodelcorazon.church\/web\/wp-json\/wp\/v2\/pages\/5393\/revisions"}],"predecessor-version":[{"id":9020,"href":"https:\/\/caminodelcorazon.church\/web\/wp-json\/wp\/v2\/pages\/5393\/revisions\/9020"}],"wp:attachment":[{"href":"https:\/\/caminodelcorazon.church\/web\/wp-json\/wp\/v2\/media?parent=5393"}],"wp:term":[{"taxonomy":"folder","embeddable":true,"href":"https:\/\/caminodelcorazon.church\/web\/wp-json\/wp\/v2\/folder?post=5393"}],"curies":[{"name":"wp","href":"https:\/\/api.w.org\/{rel}","templated":true}]}}

<p>[et_pb_section fb_built=»1&#8243; fullwidth=»on» admin_label=»BarraColores» module_id=»BarraColor» module_class=»barra» _builder_version=»4.16&#8243; background_image=»https://caminodelcorazon.church/web/wp-content/uploads/2019/12/LineaColores.png» background_position=»top_center» min_height=»10px» height=»10px» max_height=»10px» global_colors_info=»{}»][/et_pb_section][et_pb_section fb_built=»1&#8243; custom_padding_last_edited=»on|phone» module_class=»p1_fondo» _builder_version=»4.16&#8243; background_enable_image=»off» background_position=»bottom_right» width=»100%» custom_margin=»|||-5px|false|false» custom_padding=»10px|16px|7px||false|false» custom_padding_tablet=»» custom_padding_phone=»10px|0px|7px|1px|false|false» background_color_phone=»#ffffff» background_last_edited=»on|tablet» background_enable_color_phone=»on» background_enable_image_phone=»off» background_position_tablet=»bottom_center» background_position_phone=»bottom_center» border_color_all=»rgba(0,0,0,0)» border_width_bottom=»8px» border_color_bottom=»#edc500&#8243; global_colors_info=»{}» background__hover_enabled=»off|desktop» background_position__hover=»bottom_center»][et_pb_row column_structure=»1_4,1_2,1_4&#8243; _builder_version=»4.16&#8243; background_enable_image=»off» background_size=»initial» background_position=»top_center» width=»100%» module_alignment=»center» custom_margin=»0px||||false|false» custom_padding=»0px||0px||false|false» global_colors_info=»{}»][et_pb_column type=»1_4&#8243; _builder_version=»4.16&#8243; global_colors_info=»{}»][/et_pb_column][et_pb_column type=»1_2&#8243; _builder_version=»4.16&#8243; global_colors_info=»{}»][et_pb_text content_tablet=»</p>
<h4 style=%22text-align: center;%22><strong>El Itinerario de Formación de la Red Mundial de Oración del Papa</strong></h4>
<p>» content_phone=»</p>
<h5 style=%22text-align: center;%22><strong>El Itinerario de Formación de la Red Mundial de Oración del Papa</strong></h5>
<p>» content_last_edited=»on|phone» admin_label=»Titulo_p2&#8243; module_class=»gen_titulo_paso p1_titulo_paso» _builder_version=»4.16&#8243; background_color=»#edc500&#8243; background_enable_image=»off» text_orientation=»center» custom_margin=»||||false|false» custom_margin_tablet=»» custom_margin_phone=»|10px||15px|false|false» custom_margin_last_edited=»on|phone» custom_padding=»10px|0px|0px|0px|false|false» border_radii=»on|10px|10px|10px|10px» global_colors_info=»{}» content__hover_enabled=»off|desktop»]</p>
<h3 style="text-align: center;"><strong>El Itinerario de Formación de la Red Mundial de Oración del Papa</strong></h3>
<p>[/et_pb_text][/et_pb_column][et_pb_column type=»1_4&#8243; _builder_version=»4.16&#8243; global_colors_info=»{}»][/et_pb_column][/et_pb_row][et_pb_row _builder_version=»4.16&#8243; custom_padding=»0px||14px|||» global_colors_info=»{}»][et_pb_column type=»4_4&#8243; _builder_version=»4.16&#8243; global_colors_info=»{}»][et_pb_text module_class=»gen_texto» _builder_version=»4.16&#8243; text_font_size=»15px» custom_margin=»20px||||false|false» custom_padding=»0px||0px||false|false» global_colors_info=»{}»]</p>
<p><strong><span>​</span><span>​</span></strong></p>
<p><strong>¡Hola, Caminante!</strong></p>
<p>¿Estás listo para iniciar la introducción al itinerario del <strong>El Camino del Corazón</strong>?</p>
<p><span>Cada paso de </span><b>El Camino del Corazón </b><span>consta de 9 momentos</span>.</p>
<p>[/et_pb_text][/et_pb_column][/et_pb_row][et_pb_row _builder_version=»4.16&#8243; width=»85%» custom_padding=»||||false|false» global_colors_info=»{}»][et_pb_column type=»4_4&#8243; _builder_version=»4.16&#8243; global_colors_info=»{}»][et_pb_image src=»https://caminodelcorazon.church/web/wp-content/uploads/2020/06/ECC-Momentos_01.jpg» src_tablet=»» src_phone=»https://caminodelcorazon.church/web/wp-content/uploads/2019/10/Nuevemomentos-01.png» src_last_edited=»on|desktop» _builder_version=»4.16&#8243; global_colors_info=»{}»][/et_pb_image][/et_pb_column][/et_pb_row][et_pb_row _builder_version=»4.16&#8243; custom_padding=»0px||14px|||» global_colors_info=»{}»][et_pb_column type=»4_4&#8243; _builder_version=»4.16&#8243; global_colors_info=»{}»][et_pb_text module_class=»gen_texto» _builder_version=»4.16&#8243; text_font_size=»15px» custom_margin=»20px||||false|false» custom_padding=»0px||0px||false|false» global_colors_info=»{}»]</p>
<p><span style="font-size: 15px;">En cada uno encontrarás las reflexiones que te guiarán en este itinerario para la formación del corazón del discípulo. </span><span style="font-size: 15px;">Empieza el recorrido con el Momento 1. Disposición Inicial.</span></p>
<p><span style="font-size: 15px;"><span>Para iniciar el recorrido haz clic en el botón con la pregunta ¿Qué es la disposicón Inicial? o utiliza la franja inferior para navegar en cada momento.</span></span></p>
<p>[/et_pb_text][/et_pb_column][/et_pb_row][et_pb_row _builder_version=»4.16&#8243; background_enable_image=»off» background_size=»initial» background_position=»top_center» width=»100%» module_alignment=»center» custom_margin=»30px||||false|false» custom_margin_tablet=»» custom_margin_phone=»|||5px|false|false» custom_margin_last_edited=»on|phone» custom_padding=»40px||0px||false|false» global_colors_info=»{}»][et_pb_column type=»4_4&#8243; _builder_version=»4.16&#8243; global_colors_info=»{}»][et_pb_button button_url=»https://caminodelcorazon.church/web/p0-m1-disposicion-inicial/» button_text=»¿Qué es la Disposición Inicial?» button_alignment=»center» module_class=»gen_next p1_next» _builder_version=»4.27.0&#8243; custom_button=»on» button_text_size=»20px» button_text_color=»#333333&#8243; button_bg_color=»#edc500&#8243; button_border_width=»0px» button_border_radius=»12px» button_font=»|700|||||||» button_icon=»&#x39;||divi||400&#8243; button_on_hover=»off» custom_margin=»0px||-14px||false|false» custom_padding=»5px||||false|false» hover_enabled=»0&#8243; global_colors_info=»{}» sticky_enabled=»0&#8243;][/et_pb_button][/et_pb_column][/et_pb_row][/et_pb_section][et_pb_section fb_built=»1&#8243; fullwidth=»on» _builder_version=»4.16&#8243; background_color=»#000000&#8243; global_colors_info=»{}»][et_pb_fullwidth_menu menu_id=»56&#8243; menu_style=»centered» submenu_direction=»upwards» fullwidth_menu=»on» menu_icon_color=»#F5DA42&#8243; module_class=»p1_menu menu» _builder_version=»4.16&#8243; menu_font=»||||||||» background_color=»#000000&#8243; background_layout=»dark» border_color_all=»#58aadc» global_colors_info=»{}»][/et_pb_fullwidth_menu][/et_pb_section]</p>

<p>El Itinerario de Formación de la Red Mundial de Oración del Papa​​ ¡Hola, Caminante! ¿Estás listo para iniciar la introducción al itinerario del El Camino del Corazón? Cada paso de El Camino del Corazón consta de 9 momentos.En cada uno encontrarás las reflexiones que te guiarán en este itinerario para la formación del corazón del discípulo. Empieza el [&hellip;]</p>
